t x(z) = 49*z + 18. Give x(0).
18
Let i(o) = -61*o - 69. Calculate i(-5).
236
Let d(y) = y**3 - 9*y**2 - 4*y - 43. Determine d(9).
-79
Let b(d) = -12*d**2 + 1000*d + 1695. Give b(85).
-5
Let f(q) = -7*q**2 - 541*q - 190. Give f(-77).
-36
Let o(s) = -7*s**2 - 134*s - 617. Calculate o(-8).
7
Let i(b) = 5496*b + 21962. Determine i(-4).
-22
Let h(c) = 4*c**2 - 20*c - 82. What is h(-3)?
14
Let x(t) = -87*t - 695. Calculate x(-8).
1
Let b(t) = 4*t**3 + 135*t**2 - 38*t - 136. Calculate b(-34).
0
Let u(r) = 197*r + 797. Give u(-4).
9
Let u(j) = -217*j - 2820. Determine u(-14).
218
Let h(l) = -l**2 - 146*l + 5064. Determine h(29).
-11
Let v(g) = g**2 - 26*g - 426. Give v(37).
-19
Let y(i) = 3*i**3 + 425*i**2 + 278*i - 547. Determine y(-141).
17
Let x(g) = -g**2 - 2297*g + 13819. Calculate x(6).
1
Let f(i) = -i**2 + 218*i - 5491. Calculate f(29).
-10
Let t(z) = 578*z - 780. What is t(1)?
-202
Let h(p) = -p**3 - 24*p**2 + 79*p - 62. What is h(-27)?
-8
Let v(f) = 65*f + 1111. Determine v(-17).
6
Let b(r) = r**3 - 11*r**2 + 2*r - 27. What is b(11)?
-5
Let c(m) = -m**2 + 5*m + 54. Determine c(-6).
-12
Let t(c) = 11701*c + 58508. Determine t(-5).
3
Let i(j) = 205*j + 654. Calculate i(-4).
-166
Let w(i) = 339*i - 3134. Determine w(9).
-83
Let l(k) = 337*k - 6424. Determine l(19).
-21
Let l(f) = -f**2 + 26*f + 24. Calculate l(22).
112
Let g(b) = -3*b**3 + b**2 - 34*b + 167. Calculate g(4).
-145
Let q(p) = p**2 + 27*p + 263. What is q(-13)?
81
Let o(u) = u**2 - 51*u + 128. What is o(49)?
30
Let s(p) = -10*p**2 - 116*p - 66. Give s(-11).
0
Let y(v) = -v**3 + 4*v**2 + 26*v + 59. What is y(-3)?
44
Let a(l) = l**3 + 9*l**2 - 438*l - 1367. Calculate a(-3).
1
Let k(x) = -9*x**3 - 20*x**2 + 327*x - 19. Give k(5).
-9
Let u(i) = 21*i**3 - 5*i**2 - 21*i - 9. Determine u(-3).
-558
Let q(g) = 17*g + 421. What is q(-23)?
30
Let o(f) = 110*f - 32112. Give o(292).
8
Let l(h) = 32*h - 1334. Calculate l(42).
10
Let b(y) = -417*y + 1302. What is b(3)?
51
Let v(i) = -i**2 + 100*i + 9394. Give v(159).
13
Let q(m) = -6*m - 180. Calculate q(-31).
6
Let r(q) = 18*q - 1283. What is r(72)?
13
Let p(l) = -2*l**3 + 4*l**2 + 32*l - 4. Determine p(6).
-100
Let x(h) = -132*h + 290. What is x(2)?
26
Let g(q) = 28*q - 7. Calculate g(-1).
-35
Let o(g) = 291*g + 31131. Give o(-107).
-6
Let b(x) = 158*x**2 + 2843*x - 15. What is b(-18)?
3
Let w(z) = -26*z - 103. What is w(8)?
-311
Let h(x) = -x**3 + 7*x**2 + 2*x - 33. What is h(3)?
9
Let k(a) = 8*a**2 - 19*a + 13. What is k(6)?
187
Let q(h) = -h**2 - 82*h + 3836. What is q(33)?
41
Let y(v) = v**2 + 43*v - 560. What is y(-53)?
-30
Let g(j) = -219*j + 320. Determine g(4).
-556
Let m(x) = -2*x + 204. Calculate m(18).
168
Let x(i) = 20*i - 2385. Determine x(117).
-45
Let c(v) = 5*v**2 + 3*v + 9. Give c(4).
101
Let b(i) = -i**3 + 17*i**2 + 255*i - 4346. What is b(17)?
-11
Let j(i) = -2*i**3 + 175*i**2 + 95*i - 708. What is j(88)?
-92
Let a(t) = -8*t**2 - 536*t + 548. What is a(-68)?
4
Let m(v) = 15*v + 441. Calculate m(-34).
-69
Let d(m) = 9*m**2 + 25*m - 90. Give d(-5).
10
Let x(j) = -1637*j - 4843. What is x(-3)?
68
Let v(r) = -140*r + 1266. Determine v(9).
6
Let w(k) = 41*k - 152. What is w(-14)?
-726
Let q(k) = k**2 + 119*k - 841. Calculate q(-125).
-91
Let u(w) = -2*w**3 - 11*w**2 - 59*w - 281. Calculate u(-5).
-11
Let n(g) = g**2 + 11*g - 10. Calculate n(-13).
16
Let n(s) = -5*s**2 - 29*s - 10. Determine n(-7).
-52
Let c(j) = 4*j**2 - 42*j - 16. Give c(10).
-36
Let m(x) = -2*x**3 + 12*x**2 - 10*x - 2. Determine m(5).
-2
Let x(f) = -f**3 + 8*f**2 - 8*f - 16. What is x(7)?
-23
Let m(k) = 13*k - 1629. Determine m(61).
-836
Let v(i) = 2*i**3 - i**2 + 4*i - 182. What is v(0)?
-182
Let v(c) = 396*c - 12. Give v(0).
-12
Let c(p) = 5*p**3 + 159*p**2 - 32*p - 5. Give c(-32).
-5
Let m(a) = -66*a + 3323. Calculate m(50).
23
Let p(m) = -144*m - 715. Give p(-5).
5
Let q(g) = 124*g + 884. What is q(-7)?
16
Let b(f) = 43*f**2 + 18*f + 17. Give b(-1).
42
Let y(g) = -1201*g + 4793. Give y(4).
-11
Let o(l) = -1755*l + 7019. Give o(4).
-1
Let w(c) = 29*c - 325. Determine w(2).
-267
Let z(x) = x**3 - 37*x**2 + 35*x + 118. Give z(36).
82
Let b(a) = a**2 - 7*a + 10. Give b(-5).
70
Let l(w) = -w**3 + 102*w**2 + 534*w + 103. Give l(107).
-4
Let l(k) = k**3 - 16*k**2 + 31*k + 82. Calculate l(14).
124
Let o(n) = 2*n**2 - 3358*n - 20152. Give o(-6).
68
Let j(k) = -229*k**2 + 4356*k - 90. Determine j(19).
5
Let o(l) = -2*l**3 - 31*l**2 - 13*l + 27. What is o(-15)?
-3
Let l(r) = r + 8. Determine l(-25).
-17
Let x(t) = 5*t**2 + 92*t - 585. Give x(6).
147
Let f(w) = -6*w**2 - 128*w - 47. Determine f(-19).
219
Let w(t) = -7*t + 300. Give w(14).
202
Let c(k) = 13*k - 649. Determine c(37).
-168
Let g(u) = -240*u - 474. What is g(-2)?
6
Let l(c) = c**3 + 8*c**2 - 28*c - 99. What is l(-10)?
-19
Let k(n) = 3*n**2 + 30*n + 25. Determine k(-8).
-23
Let q(a) = -a**2 + 621*a - 5499. What is q(9)?
9
Let w(g) = 2*g**2 + 21*g + 36. Determine w(-14).
134
Let q(c) = 1474*c + 67821. Calculate q(-46).
17
Let n(s) = -s**3 - 8*s**2 - 17*s - 151. Calculate n(-8).
-15
Let z(g) = -g**3 - 4*g**2 - 156*g - 466. Calculate z(-3).
-7
Let l(a) = -a**3 + 33*a**2 - 217*a + 1492. Calculate l(27).
7
Let d(s) = 82*s - 1. Calculate d(-4).
-329
Let b(r) = 478*r - 40163. Calculate b(84).
-11
Let s(o) = 7*o**2 - 22*o + 78. Give s(4).
102
Let c(p) = -2*p**3 + 88*p**2 + 96*p - 277. Give c(45).
-7
Let f(n) = 3*n**2 + 227*n - 468. Determine f(2).
-2
Let t(d) = -140*d + 16650. What is t(119)?
-10
Let l(o) = -2*o**2 - 49*o - 15. Give l(-24).
9
Let j(y) = -10*y - 455. Calculate j(-44).
-15
Let p(r) = -150*r + 3413. Calculate p(20).
413
Let z(o) = o**3 + o**2 - 63*o - 375. Determine z(-10).
-645
Let d(v) = -2*v**3 - 22*v**2 + 53. Calculate d(-6).
-307
Let q(l) = l**3 + 7*l**2 + 12*l + 33. What is q(-3)?
33
Let f(q) = -3*q**2 + 272*q + 39714. Calculate f(169).
-1
Let l(a) = -a**2 + 26*a + 148. What is l(24)?
196
Let c(m) = -m**2 + 3922*m - 66380. Give c(17).
5
Let l(i) = i**2 + 56*i - 302. Calculate l(-68).
514
Let d(r) = -2*r**3 - 5*r**2 + 37*r - 31. What is d(5)?
-221
Let t(q) = -2*q**2 + 25*q - 47. Calculate t(11).
-14
Let l(x) = -307*x - 2140. Determine l(-7).
9
Let k(b) = -3*b**2 - 527*b - 17388. What is k(-44)?
-8
Let d(w) = -68*w**2 - 110*w + 2. Calculate d(-3).
-280
Let f(x) = x**2 + 3*x + 5. Calculate f(4).
33
Let i(z) = -z**2 - 46*z + 2424. Determine i(28).
352
Let z(n) = -n**3 - 13*n**2 - 52*n - 311. What is z(-11)?
19
Let i(h) = h**3 - 58*h**2 + 691*h + 249. Determine i(41).
3
Let r(f) = 9*f - 35. What is r(7)?
28
Let d(y) = y**2 + 40*y - 35. Give d(-9).
-314
Let h(t) = -179*t - 3738. Give h(-21).
21
Let d(p) = 4*p**2 + 48*p + 106. Give d(-8).
-22
Let f(l) = -l**3 - 19*l**2 + 27*l - 43. Determine f(0).
-43
Let h(k) = -5*k - 102. Determine h(-21).
3
Let q(t) = t**3 + 140*t**2 + 360*t + 70641. Calculate q(-141).
0
Let g(k) = -k**3 - 16*k**2 - 32*k + 33. Calculate g(-5).
-82
Let j(a) = a**2 - 70*a - 608. What is j(-8)?
16
Let z(f) = -f**3 - f**2 + 16*f - 67. Determine z(7).
-347
Let y(s) = -2*s**3 - 17*s**2 - 14*s + 11. Determine y(-7).
-38
Let y(g) = -g**3 - 7*g**2 + 21*g + 15. What is y(-10)?
105
Let c(v) = v**3 + 9*v**2 - 19*v + 48. Give c(-11).
15
Let z(r) = -5*r**2 - 9459*r - 37758. Give z(-4).
-2
Let p(x) = 249*x - 1352. What is p(5)?
-107
Let s(t) = 161*t - 2426. What is s(15)?
-11
Let j(x) = -x**3 + 50*x**2 + 52*x - 142. Determine j(51).
-91
Let j(l) = 3*l**2 - 52*l - 6. What is j(16)?
-70
Let i(w) = -3*w**2 - 18*w + 403. Determine i(10).
-77
Let k(u) = u**2 - 113*u - 4983. Calculate k(-35).
197
Let i(j) = 3*j**2 - 129*j + 1389. Calculate i(23).
9
Let r(i) = -453*i + 14041. Determine r(31).
-2
Let p(n) = 47*n + 16. Give p(3).
157
Let n(p) = -8*p - 24. Calculate n(24).
-216
Let i(q) = 64*q - 743. Give i(12).
25
Let v(c) = 23*c - 1207. What is v(52)?
-11
Let u(q) = -q**3 + 94*q**2 - 357*q - 311. What is u(90)?
-41
Let q(m) = 178*m**2 + m - 23. Determine q(0).
-23
Let l(n) = 35*n**3 + n**2 - 5*n + 3. What is l(1)?
34
Let k(l) = -2*l**2 - 296*l - 7427. Calculate k(-32).
-3
Let a(m) = -12*m + 135. Calculate a(12).
-9
Let l(s) = s**3 + 22*s**2 + 20*s + 51. Calculate l(-21).
72
Let h(a) = 6*a**2 + 28*a + 20. Give h(-7).
118
Let p(b) = 23*b**2 - 4*b - 19. Give p(4).
333
Let b(s) = 5*s**2 - 41*s - 1223. Cal